{"id":51,"date":"2025-10-01T13:02:05","date_gmt":"2025-10-01T13:02:05","guid":{"rendered":"https:\/\/www.kehotulkki.fi\/?page_id=51"},"modified":"2025-10-11T08:59:35","modified_gmt":"2025-10-11T08:59:35","slug":"kehonhuolto-opas","status":"publish","type":"page","link":"https:\/\/www.kehotulkki.fi\/?page_id=51","title":{"rendered":"Kehonhuolto-opas"},"content":{"rendered":"\n<div class=\"wp-block-group alignfull has-global-padding is-layout-constrained wp-block-group-is-layout-constrained\" style=\"margin-top:0;margin-bottom:0\">\n<div class=\"wp-block-columns alignfull is-layout-flex wp-container-core-columns-is-layout-9c22b1e3 wp-block-columns-is-layout-flex\">\n<div class=\"wp-block-column is-layout-flow wp-block-column-is-layout-flow\" style=\"flex-basis:55%\">\n<div style=\"aspect-ratio:1;min-height:unset;\" class=\"wp-block-cover has-aspect-ratio\"><img loading=\"lazy\" decoding=\"async\" width=\"1024\" height=\"768\" class=\"wp-block-cover__image-background wp-image-53 size-large\" alt=\"\" src=\"http:\/\/www.kehotulkki.fi\/wp-content\/uploads\/2025\/10\/valo-1024x768.jpg\" data-object-fit=\"cover\" srcset=\"https:\/\/www.kehotulkki.fi\/wp-content\/uploads\/2025\/10\/valo-1024x768.jpg 1024w, https:\/\/www.kehotulkki.fi\/wp-content\/uploads\/2025\/10\/valo-300x225.jpg 300w, https:\/\/www.kehotulkki.fi\/wp-content\/uploads\/2025\/10\/valo-768x576.jpg 768w, https:\/\/www.kehotulkki.fi\/wp-content\/uploads\/2025\/10\/valo-1536x1152.jpg 1536w, https:\/\/www.kehotulkki.fi\/wp-content\/uploads\/2025\/10\/valo.jpg 1600w\" sizes=\"auto, (max-width: 1024px) 100vw, 1024px\" \/><span aria-hidden=\"true\" class=\"wp-block-cover__background has-background-dim-0 has-background-dim\" style=\"background-color:#7d7b7e\"><\/span><div class=\"wp-block-cover__inner-container is-layout-flow wp-block-cover-is-layout-flow\">\n<div style=\"height:var(--wp--preset--spacing--20)\" aria-hidden=\"true\" class=\"wp-block-spacer\"><\/div>\n<\/div><\/div>\n<\/div>\n\n\n\n<div class=\"wp-block-column is-vertically-aligned-center is-layout-flow wp-block-column-is-layout-flow\" style=\"padding-top:var(--wp--preset--spacing--60);padding-right:var(--wp--preset--spacing--60);padding-bottom:var(--wp--preset--spacing--60);padding-left:var(--wp--preset--spacing--60)\">\n<h1 class=\"wp-block-heading has-text-align-left has-xx-large-font-size has-medium-font-size\">Etk\u00f6 muista mit\u00e4 kehonhuolto ohjeita sait?<\/h1>\n\n\n\n<p>Olen ker\u00e4nnyt t\u00e4h\u00e4n ohjeita, joita olen antanut hoidon j\u00e4lkeen. T\u00e4st\u00e4 on hyv\u00e4 tarkistaa mit\u00e4 ja miten ne tehd\u00e4\u00e4n.<\/p>\n<\/div>\n<\/div>\n<\/div>\n\n\n\n<div class=\"wp-block-group alignfull has-global-padding is-layout-constrained wp-container-core-group-is-layout-54af5b55 wp-block-group-is-layout-constrained\" style=\"margin-top:0;margin-bottom:0;padding-top:var(--wp--preset--spacing--60);padding-bottom:var(--wp--preset--spacing--60)\">\n<h2 class=\"wp-block-heading alignwide has-text-align-center has-x-large-font-size\">Valitse t\u00e4st\u00e4 oma harjoituksesi<\/h2>\n\n\n\n<p>T\u00e4h\u00e4n rakennetaan omahuolto kirjastoa<\/p>\n\n\n\n<div class=\"wp-block-buttons alignwide has-custom-font-size has-medium-font-size is-content-justification-center is-layout-flex wp-container-core-buttons-is-layout-c124d1c4 wp-block-buttons-is-layout-flex\">\n<div class=\"wp-block-button\"><a class=\"wp-block-button__link wp-element-button\" href=\"https:\/\/www.kehotulkki.fi\/?page_id=62\">Iliopsoas<\/a><\/div>\n\n\n\n<div class=\"wp-block-button\"><a class=\"wp-block-button__link wp-element-button\">Vagushermo<\/a><\/div>\n\n\n\n<div class=\"wp-block-button\"><a class=\"wp-block-button__link wp-element-button\">Sivulinjan avaus<\/a><\/div>\n\n\n\n<div class=\"wp-block-button\"><a class=\"wp-block-button__link wp-element-button\">Yl\u00e4sel\u00e4n liikkuvuus<\/a><\/div>\n\n\n\n<div class=\"wp-block-button\"><a class=\"wp-block-button__link wp-element-button\">Lantionnosto<\/a><\/div>\n\n\n\n<div class=\"wp-block-button\"><a class=\"wp-block-button__link wp-element-button\">Maadoitus harjoitus<\/a><\/div>\n\n\n\n<div class=\"wp-block-button\"><a class=\"wp-block-button__link wp-element-button\">Lonkan liikeharjoitus<\/a><\/div>\n\n\n\n<div class=\"wp-block-button\"><a class=\"wp-block-button__link wp-element-button\">Yhdenk\u00e4den roikunta<\/a><\/div>\n\n\n\n<div class=\"wp-block-button\"><a class=\"wp-block-button__link wp-element-button\">Leve\u00e4selk\u00e4lihas<\/a><\/div>\n\n\n\n<div class=\"wp-block-button\"><a class=\"wp-block-button__link wp-element-button\">Sein\u00e4punnerrus<\/a><\/div>\n\n\n\n<div class=\"wp-block-button\"><a class=\"wp-block-button__link wp-element-button\">90\/90 asento<\/a><\/div>\n\n\n\n<div class=\"wp-block-button\"><a class=\"wp-block-button__link wp-element-button\">P\u00e4ki\u00e4n ja peroneuksen huolto<\/a><\/div>\n<\/div>\n\n\n\n<p class=\"has-text-align-center has-medium-font-size\">Jos et l\u00f6yt\u00e4nyt juuri sit\u00e4 mit\u00e4 etsit. Laita viesti ja kerro mit\u00e4 haluaisit. soile@kehotulkki.fi <\/p>\n<\/div>\n\n\n\n<div class=\"wp-block-group alignfull has-global-padding is-layout-constrained wp-block-group-is-layout-constrained\" style=\"margin-top:0;margin-bottom:0;padding-top:var(--wp--preset--spacing--50);padding-bottom:var(--wp--preset--spacing--50)\">\n<div class=\"wp-block-columns alignwide is-layout-flex wp-container-core-columns-is-layout-fa584acd wp-block-columns-is-layout-flex\">\n<div class=\"wp-block-column is-vertically-aligned-center is-layout-flow wp-block-column-is-layout-flow\">\n<h2 class=\"wp-block-heading has-xx-large-font-size\">Vastuuvapaus-lauseke<\/h2>\n\n\n\n<p class=\"has-medium-font-size\"><strong>Sivulta l\u00f6ytyv\u00e4t ohjeet ja neuvot<\/strong><br>Mik\u00e4li sivuston kautta annetaan neuvoja tai ohjeita hyvinvointiin, terveyteen, l\u00e4\u00e4ketieteellisiin tai muihin asioihin liittyen tai  p\u00e4\u00e4t\u00f6sten tekemiseen, ei kyseisi\u00e4 neuvoja voida mitenk\u00e4\u00e4n taata, eik\u00e4 kehotulkki.fi:t\u00e4 voida mitenk\u00e4\u00e4n asettaa niist\u00e4 vastuuseen. On aina syyt\u00e4 kysy\u00e4 neuvoa asiantuntijalta omaa tilannetta koskien.<\/p>\n<\/div>\n\n\n\n<div class=\"wp-block-column is-vertically-aligned-center is-layout-flow wp-block-column-is-layout-flow\">\n<figure class=\"wp-block-image size-full\"><img loading=\"lazy\" decoding=\"async\" width=\"1600\" height=\"1200\" src=\"http:\/\/www.kehotulkki.fi\/wp-content\/uploads\/2025\/10\/torronsuo2.jpg\" alt=\"\" class=\"wp-image-55\" style=\"aspect-ratio:1;object-fit:cover\" srcset=\"https:\/\/www.kehotulkki.fi\/wp-content\/uploads\/2025\/10\/torronsuo2.jpg 1600w, https:\/\/www.kehotulkki.fi\/wp-content\/uploads\/2025\/10\/torronsuo2-300x225.jpg 300w, https:\/\/www.kehotulkki.fi\/wp-content\/uploads\/2025\/10\/torronsuo2-1024x768.jpg 1024w, https:\/\/www.kehotulkki.fi\/wp-content\/uploads\/2025\/10\/torronsuo2-768x576.jpg 768w, https:\/\/www.kehotulkki.fi\/wp-content\/uploads\/2025\/10\/torronsuo2-1536x1152.jpg 1536w\" sizes=\"auto, (max-width: 1600px) 100vw, 1600px\" \/><figcaption class=\"wp-element-caption\">OLYMPUS DIGITAL CAMERA<\/figcaption><\/figure>\n<\/div>\n<\/div>\n<\/div>\n","protected":false},"excerpt":{"rendered":"<p>Etk\u00f6 muista mit\u00e4 kehonhuolto ohjeita sait? Olen ker\u00e4nnyt t\u00e4h\u00e4n ohjeita, joita olen antanut hoidon j\u00e4lkeen. T\u00e4st\u00e4 on hyv\u00e4 tarkistaa mit\u00e4 ja miten ne tehd\u00e4\u00e4n. Valitse t\u00e4st\u00e4 oma harjoituksesi T\u00e4h\u00e4n rakennetaan omahuolto kirjastoa Jos et l\u00f6yt\u00e4nyt juuri sit\u00e4 mit\u00e4 etsit. Laita viesti ja kerro mit\u00e4 haluaisit. soile@kehotulkki.fi Vastuuvapaus-lauseke Sivulta l\u00f6ytyv\u00e4t ohjeet ja neuvotMik\u00e4li sivuston kautta annetaan [&hellip;]<\/p>\n","protected":false},"author":1,"featured_media":0,"parent":0,"menu_order":0,"comment_status":"closed","ping_status":"closed","template":"","meta":{"footnotes":""},"class_list":["post-51","page","type-page","status-publish","hentry"],"_links":{"self":[{"href":"https:\/\/www.kehotulkki.fi\/index.php?rest_route=\/wp\/v2\/pages\/51","targetHints":{"allow":["GET"]}}],"collection":[{"href":"https:\/\/www.kehotulkki.fi\/index.php?rest_route=\/wp\/v2\/pages"}],"about":[{"href":"https:\/\/www.kehotulkki.fi\/index.php?rest_route=\/wp\/v2\/types\/page"}],"author":[{"embeddable":true,"href":"https:\/\/www.kehotulkki.fi\/index.php?rest_route=\/wp\/v2\/users\/1"}],"replies":[{"embeddable":true,"href":"https:\/\/www.kehotulkki.fi\/index.php?rest_route=%2Fwp%2Fv2%2Fcomments&post=51"}],"version-history":[{"count":7,"href":"https:\/\/www.kehotulkki.fi\/index.php?rest_route=\/wp\/v2\/pages\/51\/revisions"}],"predecessor-version":[{"id":66,"href":"https:\/\/www.kehotulkki.fi\/index.php?rest_route=\/wp\/v2\/pages\/51\/revisions\/66"}],"wp:attachment":[{"href":"https:\/\/www.kehotulkki.fi\/index.php?rest_route=%2Fwp%2Fv2%2Fmedia&parent=51"}],"curies":[{"name":"wp","href":"https:\/\/api.w.org\/{rel}","templated":true}]}}